 of 71?
False
Is 2985755652 a multiple of 6?
True
Is 88 a factor of 97899739?
False
Is 1050282 a multiple of 747?
True
Is 7021 a factor of 2334615899?
True
Is 6 a factor of 922391719?
False
Does 39 divide 75851412?
True
Does 116 divide 88382024?
True
Is 1911534478 a multiple of 74?
True
Is 65515491 a multiple of 9?
True
Is 33593508 a multiple of 284?
True
Is 56888352 a multiple of 16?
True
Is 29 a factor of 484315834?
True
Is 347658390 a multiple of 855?
True
Does 99 divide 12207500?
False
Is 2432 a factor of 474047174?
False
Does 3526 divide 1000737368?
False
Is 11 a factor of 3896264943?
False
Does 1534 divide 15984827?
False
Is 723 a factor of 301984086?
True
Is 113540772 a multiple of 6796?
True
Is 314 a factor of 256716274?
False
Does 42 divide 83624730?
True
Is 6249330 a multiple of 115?
True
Is 63 a factor of 15737826?
False
Is 315130530 a multiple of 745?
True
Is 2137597170 a multiple of 289?
True
Is 9150136 a multiple of 8?
True
Does 7 divide 72199668?
False
Is 1595 a factor of 284133300?
True
Is 66925028 a multiple of 6?
False
Does 10 divide 798524290?
True
Does 2241 divide 357392439?
True
Is 1965 a factor of 38182612?
False
Does 346 divide 23689711?
False
Is 1700 a factor of 2336271815?
False
Does 214 divide 11513414?
True
Is 4256 a factor of 2185004864?
True
Is 1440545606 a multiple of 72?
False
Is 9 a factor of 59034807?
True
Does 607 divide 446055164?
True
Is 19 a factor of 109028252?
False
Is 29285672 a multiple of 25?
False
Is 2291074904 a multiple of 129?
False
Is 4150238 a multiple of 456?
False
Is 22742548 a multiple of 137?
True
Does 699 divide 398545335?
True
Is 14 a factor of 151040330?
True
Is 41 a factor of 32734353?
False
Does 7612 divide 1085651008?
False
Is 76 a factor of 5221588?
False
Does 32 divide 2055697024?
True
Is 33 a factor of 828729?
True
Does 21 divide 5167032?
False
Is 1811 a factor of 2691510702?
False
Is 1436 a factor of 450045272?
True
Is 209 a factor of 1224437995?
True
Is 26791371 a multiple of 896?
False
Is 12 a factor of 382320175?
False
Is 331 a factor of 492825767?
False
Is 568785230 a multiple of 337?
True
Is 107 a factor of 96844382?
False
Does 401 divide 13089843?
True
Is 27 a factor of 827532936?
True
Is 17 a factor of 4286580260?
True
Is 15898187 a multiple of 55?
False
Does 86 divide 117217226?
True
Does 59 divide 17091120?
True
Is 2251 a factor of 41416149?
True
Does 2451 divide 4896981547?
False
Is 1600 a factor of 310747200?
True
Does 3621 divide 536844612?
False
Is 150847113 a multiple of 292?
False
Is 203 a factor of 144338617?
False
Is 143467847 a multiple of 107?
True
Does 28 divide 48589662?
False
Is 94736427 a multiple of 986?
False
Is 1590 a factor of 11775381?
False
Is 472 a factor of 37478688?
True
Is 288755733 a multiple of 111?
True
Is 275 a factor of 13527800?
True
Does 15 divide 95696850?
True
Is 319 a factor of 132068233?
True
Is 102 a factor of 19786362?
False
Does 5512 divide 2095879836?
False
Does 6 divide 5165898?
True
Does 966 divide 120595196?
False
Is 5 a factor of 48725581?
False
Does 23 divide 48593911?
False
Does 510 divide 95187002?
False
Does 4 divide 10835885?
False
Is 11 a factor of 10723349?
False
Is 5 a factor of 212104509?
False
Is 75 a factor of 14067150?
True
Is 298569708 a multiple of 489?
True
Does 4113 divide 214403406?
False
Does 3 divide 2205781?
False
Is 805074400 a multiple of 1990?
True
Is 13 a factor of 170096966?
True
Is 22 a factor of 794463131?
False
Does 11 divide 364238094?
True
Is 403756000 a multiple of 10?
True
Is 1464778614 a multiple of 26?
True
Is 35 a factor of 123746209?
False
Is 1359 a factor of 297099144?
True
Is 6834246 a multiple of 2032?
False
Does 240 divide 2057779029?
False
Is 12 a factor of 1714977108?
True
Does 6 divide 15030453?
False
Is 47940568 a multiple of 169?
True
Does 26 divide 16845644?
False
Is 1020793143 a multiple of 8772?
False
Is 5452456 a multiple of 129?
False
Is 9 a factor of 25748401?
False
Does 87 divide 460598271?
True
Does 399 divide 91329105?
True
Is 21 a factor of 47342467?
False
Is 527700253 a multiple of 45?
False
Is 10 a factor of 4747192?
False
Is 144 a factor of 153095184?
True
Is 130 a factor of 518304150?
True
Is 946 a factor of 684197338?
True
Is 24 a factor of 2069436082?
False
Is 201 a factor of 166589805?
True
Does 9829 divide 1269729878?
True
Does 126 divide 748264707?
False
Does 99 divide 155364286?
False
Is 1116 a factor of 861707898?
False
Is 678 a factor of 29169938?
False
Does 38 divide 12768418?
True
Is 10 a factor of 685557966?
False
Does 14 divide 96445202?
True
Does 2832 divide 4920956832?
True
Is 8 a factor of 104840048?
True
Does 14 divide 285709620?
True
Does 722 divide 5945670?
True
Is 3 a factor of 8625716?
False
Is 61244810 a multiple of 162?
False
Is 29131090 a multiple of 229?
True
Does 67 divide 161894473?
False
Is 2134 a factor of 512572414?
False
Is 10 a factor of 203432360?
True
Does 127 divide 242236498?
True
Is 890464227 a multiple of 11?
False
Is 11 a factor of 200528971?
False
Is 390 a factor of 1847187761?
False
Does 1177 divide 26173830?
False
Does 17 divide 1040395164?
False
Does 260 divide 456320391?
False
Is 61 a factor of 1341646?
False
Does 1315 divide 22027565?
True
Is 2171 a factor of 3688559?
False
Does 65 divide 9544990?
True
Is 1175106300 a multiple of 6460?
True
Does 4 divide 46016202?
False
Is 36 a factor of 99127295?
False
Is 2773 a factor of 37019550?
True
Is 58 a factor of 2874704?
False
Does 189 divide 11184075?
True
Is 215 a factor of 189763945?
True
Is 1173498396 a multiple of 162?
False
Is 82 a factor of 14278332?
True
Is 26 a factor of 3685474?
True
Is 40426480 a multiple of 4?
True
Is 18 a factor of 7709360316?
False
Is 246501955 a multiple of 3398?
False
Is 1269 a factor of 199612431?
True
Does 229 divide 902311755?
False
Is 548508430 a multiple of 86?
True
Does 25 divide 189690825?
True
Is 3014036277 a multiple of 4579?
False
Is 68324425 a multiple of 38?
False
Does 856 divide 2907128?
False
Is 45437955 a multiple of 21?
False
Does 1800 divide 41283205?
False
Does 422 divide 157310465?
False
Is 222503160 a multiple of 330?
True
Is 4 a factor of 2777391?
False
Does 26 divide 12900198?
False
Is 1729 a factor of 4249882?
True
Is 4375 a factor of 1643092500?
True
Is 1010524440 a multiple of 235?
True
Is 33 a factor of 177043984?
False
Is 346 a factor of 39836710?
True
Is 527 a factor of 2563798?
False
Is 322285764 a multiple of 12?
True
Is 1734 a factor of 496657482?
True
Is 14963462 a multiple of 1140?
False
Does 413 divide 261485581?
True
Is 32726900 a multiple of 43?
False
Does 138 divide 2016422?
False
Is 11658781 a multiple of 7?
False
Is 459 a factor of 90312265?
False
Is 465388288 a multiple of 30?
False
Is 63 a factor of 28627624?
False
Does 282 divide 3687714?
True
Is 1174 a factor of 474200906?
True
Is 16 a factor of 31127200?
True
Does 28 divide 61613195?
False
Is 187 a factor of 404653299?
False
Is 997752630 a multiple of 210?
True
Is 23 a factor of 3830269209?
False
Is 2163 a factor of 100127692?
False
Is 22 a factor of 289478717?
False
Is 671273125 a multiple of 96?
False
Is 16 a factor of 366519575?
False
Is 5 a factor of 45084905?
True
Is 13 a factor of 359727758?
True
Is 87 a factor of 31815540?
False
Does 193 divide 85111842?
True
Does 11 divide 43932185?
True
Is 13 a factor of 10156380?
True
Does 2998 divide 1498214141?
False
Does 2983 divide 1259172028?
True
Does 52 divide 61491629?
False
Does 85 divide 6936445?
False
Does 14 divide 368175651?
False
Is 3586522197 a multiple of 46?
False
Is 438 a factor of 119314704?
True
Does 171 divide 1335721869?
True
Does 23 divide 264674455?
True
Is 221 a factor of 26088166?
True
Is 4466 a factor of 582240879?
False
Is 67288500 a multiple of 1710?
True
Is 70 a factor of 4501727631?
False
Is 440621230 a multiple of 343?
True
Is 564914730 a multiple of 2108?
False
Is 157303176 a multiple of 93?
True
Is 489 a factor of 102259967?
False
Is 82 a factor of 3587090?
True
Does 267 divide 1452703479?
True
Is 86917796 a multiple of 14?
True
Does 375 divide 190198553?
False
Does 18 divide 82296507?
False
Is 106645185 a multiple of 2193?
False
Does 75 divide 2841552375?
True
Is 659489433 a multiple of 59?
True
Is 48 a factor of 107939117?
False
Is 26050760 a multiple of 5?
True
Does 469 divide 